e the highest common factor of 40 and q.
20
Let a = 36 + -29. What is the greatest common divisor of a and 1?
1
Suppose -4*y + 32 = -4*p, 2*p - 10 = -y + 4. Suppose 5*h = 5*r - y + 35, 14 = 3*h - 4*r. What is the highest common factor of h and 4?
2
Let f = -1 + 7. Suppose -4*x + 2*x = -54. Suppose 2*d + 3*n = -2*d + x, 3*d + 5*n - 23 = 0. What is the greatest common factor of d and f?
6
Let h be (-291)/(-15) + (-2)/5. Suppose y = -3*q - y + h, 5*q + y - 27 = 0. What is the highest common divisor of 35 and q?
5
Let w(l) = l**3 - 9*l**2 - 8*l + 8. Let a(s) = 2*s**2 - 5*s - 2. Let q be a(4). Let c be w(q). What is the greatest common factor of 14 and c?
14
Suppose -20 = -4*r - 16. What is the highest common factor of r and 1?
1
Let x be (-1)/(((-9)/12)/3). Suppose 159 = x*h - h. Suppose h = 5*m - u, 4*m = -0*u - 4*u + 28. Calculate the greatest common factor of m and 10.
10
Let b be (1/1)/((-1)/(-26)). Let q = 31 - 18. What is the greatest common factor of q and b?
13
Let m be (1 + 9/(-6))/((-4)/200). What is the highest common divisor of 225 and m?
25
Let z be (-2)/((1 - 0) + -2). Suppose 3*b - 41 = 2*m, -z = m + 2. Let s = 15 - b. Calculate the highest common factor of s and 16.
4
Let z be (15/(-20))/((-2)/(-8)). Let x be 1/(-3) - 43/z. Calculate the highest common divisor of 7 and x.
7
Let m(w) = -4*w + 2. Let d be m(0). What is the greatest common factor of d and 26?
2
Let i = -10 - -20. Let x(k) = -k**3 + 2*k**2 + 3*k - 4. Let l be x(-4). Calculate the greatest common factor of i and l.
10
Let i = -475 + 674. Let g = i + -66. Calculate the greatest common factor of g and 19.
19
Suppose -v - 3 = 3*r + 3, 0 = -v - r. Suppose 4*m - 26 = v*m. Suppose -5*y + 81 = -244. What is the highest common factor of y and m?
13
Suppose 20 + 36 = 4*z. Let t = -9 + z. Suppose -w + 5*q + 21 = 4*q, 0 = 3*w + t*q - 23. What is the highest common factor of w and 2?
2
Suppose 5*f - 184 = 341. Calculate the greatest common factor of 42 and f.
21
Suppose 75 = 5*y - 5*v, -4*y - 6 = -2*v - 56. Calculate the greatest common divisor of 5 and y.
5
Let g = -2 + 4. Suppose -2*k = g*k - 24. Let t be (-2)/9 - 190/(-45). What is the greatest common factor of k and t?
2
Let v(a) = 27*a - 10. Let o be v(2). What is the greatest common factor of 4 and o?
4
Suppose n + 2*b = -4*n + 628, -2*b = 4*n - 502. What is the highest common factor of n and 18?
18
Let y = -67 + 474. Calculate the greatest common divisor of 37 and y.
37
Let a(r) = 11 + 25 - r**2 + 0*r**2 + 64. Let u be a(0). Suppose 3*t = t + u. Calculate the highest common divisor of t and 10.
10
Suppose 6*g - 277 - 317 = 0. What is the greatest common factor of 9 and g?
9
Suppose 0 = 2*w - 8, -4*b + 2*w + 3*w - 12 = 0. Calculate the greatest common divisor of b and 22.
2
Let d(s) = -s**3 - s**2 + s + 4. Let w be d(0). Calculate the greatest common divisor of w and 44.
4
Suppose -273 = 12*l - 19*l. What is the highest common divisor of l and 13?
13
Let x be (-58)/(-3) + ((-4)/3)/4. What is the greatest common divisor of x and 57?
19
Let m(k) = k**2 + 2*k - 4. Let o be m(-6). Suppose 0 = 3*w + 9, -c + 3*c - o = 2*w. Suppose -44 = -i + 19. Calculate the greatest common divisor of i and c.
7
Suppose g - 96 = -5*i, -4*i + 101 = -2*g + 3*g. Suppose 0 = -0*f + 2*f - 22. What is the highest common factor of g and f?
11
Suppose -9*l + 8*l + 8 = 0. Calculate the greatest common factor of 40 and l.
8
Suppose 0 = 3*n - 4*j - 244, 3*j + 2 = 8. Suppose 4*d = 26 + 22. What is the greatest common factor of n and d?
12
Let l(h) = -h**3 + h + 1. Let v be l(-1). Calculate the greatest common factor of v and 4.
1
Let m be (63/35)/(-3*(-1)/5). What is the highest common factor of m and 24?
3
Let s(c) be the first derivative of -c**2 - 13*c + 7. Let x be s(-9). What is the highest common factor of x and 25?
5
Suppose -2*x + z = 3*x - 66, -5*z - 36 = -4*x. Calculate the highest common factor of 98 and x.
14
Let d(b) = b**2 + 2*b + 7. Let q be d(5). Suppose -i + 4*i = 0. Suppose -w - w - 3*j + q = i, -j = w - 23. Calculate the greatest common divisor of w and 9.
9
Let s(c) = c**3 - 24*c**2 + 22*c + 33. Let k be s(23). Suppose -6 - 84 = -3*w. Calculate the greatest common divisor of w and k.
10
Let n be (9/6)/((-22)/12 - -2). Calculate the highest common divisor of n and 81.
9
Let y(g) = -g**3 + 9*g**2 - 10*g + 19. Let i be y(8). What is the greatest common divisor of 24 and i?
3
Let f = -1 - -11. Let a(s) = -s**2 - 8*s + 13. Let h be a(-9). Suppose -v = -h*v + 15. What is the highest common divisor of f and v?
5
Let q(n) = 15*n**3 + n**2 - n. Let j be q(1). Let w(p) = 21*p + 15. Let s be w(5). Calculate the greatest common divisor of j and s.
15
Let u = 91 + -34. Calculate the greatest common divisor of u and 19.
19
Let h(x) be the second derivative of x**5/20 + x**4/4 + x**3/3 - x**2 - x. Let c be h(-3). Let j = 19 - c. Calculate the highest common factor of 9 and j.
9
Suppose 3*o - 20 = -4*q + 140, -4*q = 8. What is the highest common factor of 28 and o?
28
Suppose 0 = 2*k - 16 - 0. Suppose -2*a - 5*c + 32 = -3*c, -2*c + k = 0. Let t be (-3)/a + (-866)/(-8). Calculate the highest common divisor of t and 12.
12
Let g(v) = 0 + 13 + 4*v - v**2 - 16*v. Let w be g(-12). Calculate the highest common divisor of w and 130.
13
Let u(h) = h**2 - 7*h - 32. Let w be u(17). Calculate the greatest common factor of w and 6.
6
Suppose 5*h + 10 = -20. Let y = h + 10. Suppose -5*q + 0*i - y*i + 82 = 0, 3*q = 3*i + 60. Calculate the highest common divisor of q and 27.
9
Let r be 40/(-3) - (-2)/6. Let q = r - -18. Calculate the greatest common factor of q and 40.
5
Suppose -5*i + 2103 = -4*n, -n + 4*i - 299 = 213. Let y be 10/(-55) - n/22. Calculate the highest common divisor of y and 8.
8
Let v(y) = -y. Let h be v(-8). Let m be h + 2 - (1 - -1). Calculate the highest common factor of 2 and m.
2
Let s be (-2 - -3)/((-1)/(-65)). Let h(l) = 1 + 8 + 2*l + 1. Let p be h(8). Calculate the greatest common factor of s and p.
13
Suppose 4*k - 26 = 30. What is the highest common factor of k and 56?
14
Let p be (-380)/(-7) + (-6)/21. Let u = 94 - p. What is the highest common divisor of 16 and u?
8
Let r(o) = -o**3 + 6*o**2 - 4*o + 1. Let s be r(5). Let j be (-256)/(-6) + (-4)/6. Calculate the greatest common factor of s and j.
6
Suppose -j = -2 - 3. Suppose j*x - 104 = x. What is the greatest common factor of x and 65?
13
Let d = 1 + -2. Let i be (d/3)/((-2)/(-12)). Let j be -1 - (-1 - i)*-46. Calculate the highest common divisor of 18 and j.
9
Suppose -300 = -2*b - 2*p, 2 = p - 3. Calculate the greatest common divisor of 29 and b.
29
Let t be (-1775)/(-45) - 8/18. What is the greatest common factor of t and 78?
39
Suppose 0 = -3*o + 4*k + 28, 3*o - 30 + 7 = -k. Let g be (-1)/(2 - (-68)/(-32)). What is the highest common factor of o and g?
8
Suppose -3*v = 2*o - 25, 2*o - 4*v - 27 = 5. Let x be (-82)/(-3) + (-12)/(-18). What is the greatest common divisor of x and o?
14
Let v be (-2 + -5 - 1)*1134/(-72). Let z be (-1)/(-4) - (-174)/8. Suppose m + 67 = 5*l, -z - 14 = -3*l + 2*m. What is the greatest common factor of v and l?
14
Suppose 0 = 43*m - 44*m + 2. Calculate the highest common factor of 2 and m.
2
Let j(o) = 9*o - 26. Let i be j(3). Calculate the greatest common factor of i and 15.
1
Let m be 6/(-9)*(-66)/4. Suppose -4*i - 690 = -4*g - 7*i, -4*g + 688 = 4*i. Let s be (-1)/(-2) + g/4. What is the greatest common divisor of s and m?
11
Suppose 3*a = -4*b + 19, a = 6*a - 4*b - 21. Calculate the greatest common divisor of 2 and a.
1
Suppose 0 = 5*m - 0*m - 70. Let q be ((-1)/1 - 16)*-6. Let l = 144 - q. Calculate the highest common divisor of m and l.
14
Suppose -3*y + 4 = 3*t - 17, -3*y + 39 = -3*t. Suppose -18*q + 129 = -141. Calculate the greatest common factor of q and y.
5
Suppose 4*h - 804 = -5*d, -5*h = -5*d - 3*h + 798. Suppose -f = 3*f - d. Suppose 0 = -5*u + 70 + 10. Calculate the highest common divisor of f and u.
8
Let j(a) = 12*a. Let p be j(1). Let x = 202 - 106. Calculate the greatest common divisor of x and p.
12
Let m be (-26 + 2 + -1)/1. Let v = -10 - m. Let p be 1075/v + (-1)/(-3). Calculate the greatest common divisor of p and 8.
8
Let m be 668 + -5 + 5 + -3. Suppose 3*z - m = -2*z. What is the greatest common divisor of z and 19?
19
Suppose -25